 Is 5 a factor of q(6)?
False
Let i(y) = -328*y - 1. Is 17 a factor of i(-1)?
False
Let p = 38 + -31. Is 14 a factor of (48/18 + p)*3/1?
False
Let k(n) = 3*n**2 + 2*n + 2. Let y be k(-1). Let b be ((-52)/16)/(y/(-12)). Let t = b - -8. Is 7 a factor of t?
True
Suppose -3*w = 3*r - 969, 82 - 1350 = -4*w + 4*r. Does 9 divide w?
False
Suppose -c + 766 = -4*z, -2*c - 3*z + 1502 = -z. Is c a multiple of 19?
False
Suppose v - 4*l = -12 + 1, 3*v = -l + 32. Let t(f) = f**2 - 8*f + 11. Let y be t(v). Suppose 5*s = y, -3*s + s + 80 = 3*c. Does 8 divide c?
True
Suppose -2*o + 7*o - 15 = 0. Suppose 5 = -2*w - o*f, -2*f + 3 = 3*w - f. Suppose 3*j - 32 + 5 = -2*t, 24 = t - w*j. Does 6 divide t?
True
Does 39 divide (-7)/(-14) + (-2)/(-8)*2702?
False
Suppose 0 = 5*g - 412 - 1333. Suppose 4*m - x - 4*x + g = 0, 5*m - x = -410. Let q = 114 + m. Is q a multiple of 9?
False
Let i = 172 + 460. Is i a multiple of 8?
True
Let w(i) = 73*i + 8. Let h be w(11). Suppose 0 = 5*f - 2*d - h, -2*f - d + 324 = -2*d. Let p = f - 97. Is p a multiple of 22?
True
Does 17 divide (-6)/(-24) + 15498/24?
True
Let d(j) = -j**3 + 13*j**2 - 8*j - 12. Let k(h) = h**2 + 4*h - 3. Let f be k(-5). Suppose 30 = f*m + 6. Is d(m) a multiple of 12?
True
Is 46 a factor of -7 - ((-2)/20 - 55237/130)?
False
Let p be (-87)/(-2)*(-112)/(-21). Suppose -y + 30 = -4*h + p, 4*h = 5*y + 194. Does 3 divide h?
True
Let p(o) = o**2 + o - 35. Does 10 divide p(8)?
False
Suppose -2*c + 9*c = 0. Suppose c = 2*b - 210 + 64. Does 8 divide b?
False
Suppose -b - 2*m + 134 = 0, -5*m - 575 = -b - 3*b. Does 28 divide b?
True
Let k(o) = o**3 - 13*o**2 + o - 13. Let m be k(13). Suppose m = 7*x - 272 - 344. Is x a multiple of 12?
False
Suppose -a + 0*a - 4*v + 41 = 0, -v = 2*a - 96. Let m = -34 + a. Is 7 a factor of 12/m - 172/(-10)?
False
Suppose -i = -4*n - 208, 3*i = i + 4*n + 400. Is i a multiple of 12?
True
Suppose -526 = -2*k - 2*o, 4*k + 283 = 5*k + 5*o. Is k a multiple of 7?
False
Suppose -4*x + 4*r = -76, 0 = -x - 4*x - 3*r + 103. Let c = x + -18. Let j(b) = 7*b**3 - 2*b + 2. Is j(c) a multiple of 18?
True
Suppose 4 = f - 2*s - 0, 0 = -5*s. Suppose -w = -8 - f. Does 22 divide -4*(-6)/(w/55)?
True
Suppose 0 = 4*v + 3*o - 15719, 0*v - 5*o - 15743 = -4*v. Is v a multiple of 70?
False
Let m = -88 + 148. Suppose 8*r - 7 - 33 = 0. Is m - (-1 - -4 - r) a multiple of 9?
False
Suppose 3*l - 180 = 2*l + y, 4*l - 2*y - 724 = 0. Is 14 a factor of l?
True
Let q = 10 - 7. Is 21 a factor of (q/(-6))/(1/(-168))?
True
Suppose 3*z - 382 = -7. Is 8 a factor of z?
False
Suppose -8*f + 3*f + 25 = 0. Suppose 300 = f*t + 4*h, 5*h + 127 = 2*t + 40. Let w = -12 + t. Is w a multiple of 22?
True
Let d(w) = -14*w + 1. Let m(n) = -7*n. Let s(y) = -4*d(y) + 10*m(y). Let u be s(-5). Let z = u + -36. Is 10 a factor of z?
True
Let f be -3 + -7 - (-2 - (-1 + 2)). Let b(t) = t**2 + 6*t - 1. Is 2 a factor of b(f)?
True
Let n(o) be the third derivative of o**4/12 - 5*o**3/3 - o**2. Let s be n(-11). Let b = s + 48. Is b a multiple of 8?
True
Suppose 0 = 39*z - 1200 - 21732. Is z a multiple of 4?
True
Let t(l) = -18*l + 125. Is 11 a factor of t(-41)?
False
Suppose 3*p + 20 - 2150 = 0. Suppose 230 = -10*h + p. Does 8 divide h?
True
Let y be 18/(-4)*(6 + 96/(-18)). Let o(c) = 4*c + 3 - c**3 + 3*c**2 + 0 + 3*c. Is o(y) a multiple of 17?
False
Suppose 0 = -p - 4*f - 268, -p + 3*f = 2*f + 248. Does 19 divide (-4896)/p + (-4)/(-7) + -1?
True
Let k = 125 + -111. Is (-44)/(-10) + k/(-35) + 62 a multiple of 22?
True
Suppose 2*c = q + 3, 5*c - 2*q - 15 = -6. Suppose -7*a + 5 = -2*a + 5*h, c*a + 4*h = 5. Is 4 a factor of 1*33/3 - a?
True
Suppose 0 = -3*n + 5*y - 155 - 53, -3*n = -3*y + 210. Let z(p) = -p**3 + 2*p**2 - 5*p - 5. Let t be z(-4). Let x = n + t. Does 8 divide x?
True
Let x = -16 + 441. Is x a multiple of 25?
True
Let s(v) = v**3 + 12*v**2 + 13*v + 26. Let d be s(-11). Suppose d*b + 100 = 276. Is b a multiple of 15?
False
Let p(f) = 111*f + 1. Let q(i) = -i**3 + 16*i**2 - 16*i + 16. Let a be q(15). Is 19 a factor of p(a)?
False
Let o(m) = 2*m**3 + 2*m**2 + 2*m. Let h be o(-2). Let v = h + 14. Suppose -4*b - n + 151 = 0, b + 0*b = v*n + 31. Is b a multiple of 11?
False
Let q(m) = 3*m**3 - 3*m**2 + 2*m + 2. Let b be q(2). Suppose -k = 4*j - 15, -k = -4*k + 2*j + 87. Let a = k - b. Does 2 divide a?
False
Suppose -22*r = -20*r + 30. Is 472/6 + (-5)/r a multiple of 23?
False
Suppose 16*f - 13*f = 9. Is 19 a factor of 972/22 + (f - (-35)/(-11))?
False
Suppose 0 = m - 5*t + 10, 4*m + t + 10 = 6*t. Suppose m = -z + 4*f - f + 2, -f = 0. Suppose 0 = -z*g + 2*d + 40, -d + 5*d = 4. Does 5 divide g?
False
Let o(l) = -l**3 + 8*l**2 - 6*l - 6. Let v be o(7). Let f = 14 + v. Is 3 a factor of f?
True
Is 51 a factor of 2/((-28)/357)*-6?
True
Let b = 145 + -81. Suppose -4*d + 4*z - b = 9*z, 0 = 2*d + 3*z + 34. Let o = -2 - d. Does 9 divide o?
True
Is 2082723/798 - (-1)/14 a multiple of 30?
True
Let g = 117 + -6. Let a = 237 - g. Is a a multiple of 7?
True
Let m be ((-188)/6)/((-18)/27). Suppose -3*s - 4*d - 206 = m, s = -2*d - 81. Does 13 divide ((-30)/(-35))/((-1)/s)?
True
Let f be (-1 + 2/(-2))*-4. Let r(a) = -a**3 + 3*a**2 + 9*a - 13. Let o(y) = -y**3 + 4*y**2 + 10*y - 12. Let v(d) = -3*o(d) + 2*r(d). Is 8 a factor of v(f)?
False
Let r = 294 - 249. Is r a multiple of 2?
False
Let g be (-3)/(-5) - 282/(-30). Suppose b + 5 - g = 0. Is b a multiple of 2?
False
Suppose 2*v - 4*v = 300. Does 15 divide v/4*6/(-5)?
True
Let r be -51*(22/(-121) - 16/33). Suppose -30*a + r*a - 292 = 0. Is a a multiple of 18?
False
Let m(c) = 0 - 4*c + 3*c**2 - 15 + 4*c. Is m(-6) a multiple of 31?
True
Is ((-21066)/(-22))/3 - 82/451 a multiple of 9?
False
Let v(p) = -30*p - 16. Is 2 a factor of v(-2)?
True
Suppose 6*d - 64 - 194 = 0. Let s = 95 - d. Does 25 divide s?
False
Suppose 2*m = k + k + 208, 0 = -3*m - 3*k + 336. Suppose -6*a + 18 + m = 0. Does 21 divide a?
True
Suppose 8 - 32 = 3*a - 3*q, -5*a = 2*q + 26. Let d(b) = -14*b + 6. Is d(a) a multiple of 18?
True
Let g be (-1 + -2)/((-48)/(-10) + -5). Let d = g + 96. Does 5 divide d?
False
Let b(a) = a**2 + 12*a - 25. Let y be b(-14). Let g(i) = -i**3 - i**2 + 9. Let r be g(0). Suppose -2*p - 1 = -d - 22, y*d - r = -2*p. Is p a multiple of 3?
True
Suppose -5*i = -4*p - 12324, -4*i + 3*p + 10523 = 663. Is i a multiple of 23?
False
Let y(u) = -2*u - 34. Let l be y(-17). Suppose -f + 0*f + 78 = l. Is f a multiple of 22?
False
Suppose -13*o - 2073 - 111 = 0. Is 4 a factor of (o/(-9))/(-4)*(-72)/28?
True
Let z(p) = 14*p**2 + 9. Let x be 6 + 2 + -5 - 0. Does 14 divide z(x)?
False
Let b(k) = 170*k - 620. Is b(9) a multiple of 7?
True
Let b = -6 + 122. Is 21 a factor of b?
False
Suppose 15*a = 29*a - 2310. Does 15 divide a?
True
Let y be 6 + 0/(-3) + -2. Suppose 86 = 6*r - y. Does 8 divide r?
False
Let a = -11 + 6. Let k = a - -41. Let x = k + 16. Is x a multiple of 14?
False
Let h be 29 - 6*(-2)/(-3). Let m = h + -10. Is m a multiple of 15?
True
Let u(w) = 3*w**2 + 19*w - 21. Let s be u(14). Is (-2)/8 - s/(-68) a multiple of 4?
True
Suppose -987 + 5145 = 9*x. Does 14 divide x?
True
Suppose -3*z = -75 - 135. Let r = 238 - z. Is r a multiple of 31?
False
Let s be (-5)/(-20) + 343/4. Suppose -342 = -4*a + s. Suppose 4*f - 16 = 5*y + a, -15 = -f - 4*y. Is f a multiple of 11?
False
Suppose -2*f - f - 4*h + 3 = 0, -2*f = -5*h - 25. Suppose 4*i - 5*t = 216, 2*i - 2*t = -f*t + 108. Does 6 divide (i/(-12))/(2/(-8))?
True
Let h(g) = -g**3 + 10*g**2 + 9*g + 26. Let z be h(11). Suppose -z*i + 527 + 473 = 0. Is i a multiple of 9?
False
Let t(y) = -y**3 + 22*y**2 + 59*y + 9. Does 17 divide t(20)?
True
Let s = -38 - -83. Is (-6)/((s/(-84))/5) a multiple of 28?
True
Let v = 23 - 4. Suppose z + h = 54, -3*h - v = -2*z + 64. Is z a multiple of 5?
False
Suppose 6 + 10 = 4*s. Let y(d) = d**3 - 4*d**2 + 2*d + 3. Does 8 divide y(s)?
False
Does 4 divide (26910/(-63))/(-13)*14?
True
Suppose -t + 4*g = 6*g - 3, -t - 5*g = 12. Is t even?
False
Let x(k) be the second derivative of k**4/4 + 2*k**3/3 - 19*k**2/2 + 7*k. Is x(-9) a multiple of 27?
False
Let a be (12/(-15))/(6/(-885)). Let w = a + -55. Does 9 divide w?
True
Let j(z) = 27*z - 128. Does 84 divide j(21)?
False
Let h(b) = -b**2 - 3*b + 5. Let u be h(-3). Let d = 4 + 3. Suppose d = u*v - 58. Is v a multiple of 1